{"id":1154,"date":"2016-11-14T11:38:51","date_gmt":"2016-11-14T10:38:51","guid":{"rendered":"http:\/\/caroleamores.com\/?page_id=1154"},"modified":"2016-11-14T16:00:59","modified_gmt":"2016-11-14T15:00:59","slug":"osez-2017","status":"publish","type":"page","link":"https:\/\/caroleamores.com\/index.php\/osez-2017\/","title":{"rendered":"Osez 2017"},"content":{"rendered":"<p><img loading=\"lazy\" decoding=\"async\" src=\"https:\/\/i0.wp.com\/caroleamores.com\/wp-content\/uploads\/2016\/11\/Osez-la-vie-youtube-720p.jpg?resize=1080%2C608&#038;ssl=1\" width=\"1080\" height=\"608\" srcset=\"http:\/\/i2.wp.com\/caroleamores.com\/wp-content\/uploads\/2016\/11\/Osez-la-vie-youtube-720p.jpg?w=1280 1280w, http:\/\/i2.wp.com\/caroleamores.com\/wp-content\/uploads\/2016\/11\/Osez-la-vie-youtube-720p.jpg?resize=300%2C169 300w, http:\/\/i2.wp.com\/caroleamores.com\/wp-content\/uploads\/2016\/11\/Osez-la-vie-youtube-720p.jpg?resize=768%2C432 768w, http:\/\/i2.wp.com\/caroleamores.com\/wp-content\/uploads\/2016\/11\/Osez-la-vie-youtube-720p.jpg?resize=1024%2C576 1024w\" title=\"Le 14 &amp; 15 Janvier \u00e0 Bordeaux\" class=\"so-widget-image\" data-recalc-dims=\"1\"><\/p>\n<ul class=\"sow-slider-images\" data-settings=\"{&quot;pagination&quot;:true,&quot;speed&quot;:800,&quot;timeout&quot;:8000,&quot;swipe&quot;:true}\">\n<li class=\"sow-slider-image  sow-slider-image-cover\" style=\"background-color: #333333\">\n<h2 style=\"text-align: center\">Sophrologie, Visualisation, Lib\u00e9ration !<\/h2>\n<h5 class=\"sow-sub-headline\">Pour vous guider nous utiliserons entre autres, la sophrologie, la visualisation, la lib\u00e9ration \u00e9motionnelle et \u00e9nerg\u00e9tique ainsi que la m\u00e9ditation guid\u00e9e. A l\u2019issue de ces deux jours, vous repartirez confiants pour oser vivre la vie qui vous ressemble.&nbsp;<\/h5>\n<h3 style=\"text-align: center\">&nbsp;<\/h3>\n<\/li>\n<\/ul>\n<ol class=\"sow-slider-pagination\">\n<li><a href=\"#\" data-goto=\"0\">1<\/a><\/li>\n<\/ol>\n<p><a href=\"#\" data-goto=\"next\" data-action=\"next\"><br \/>\n<em class=\"sow-sld-icon-thin-right\"><\/em><br \/>\n<\/a><br \/>\n<a href=\"#\" data-goto=\"previous\" data-action=\"prev\"><br \/>\n<em class=\"sow-sld-icon-thin-left\"><\/em><br \/>\n<\/a><\/p>\n<h3 class=\"widget-title\">Le stage<\/h3>\n<h3 style=\"text-align: justify;\"><span style=\"color: #ffffff;\">Au cours de ce stage, nous vous proposons d\u2019oser ! Osez suivre votre \u00e9lan de vie. &nbsp;<\/span><\/h3>\n<h3 style=\"text-align: left;\"><span style=\"color: #ffffff;\">Qu\u2019aimeriez-vous cr\u00e9er dans votre vie, aujourd\u2019hui et demain ? <\/span><br \/>\n<span style=\"color: #ffffff;\">Quelle femme, quel homme souhaitez-vous \u00eatre ?<\/span><br \/>\n<span style=\"color: #ffffff;\"> Qu\u2019est-ce qui vous en emp\u00eache ?<\/span><br \/>\n<span style=\"color: #ffffff;\"> Quelles ressources pouvez-vous activer pour y parvenir ?<\/span><\/h3>\n<h3 style=\"text-align: justify;\"><span style=\"color: #ffffff;\">Nous vous invitons \u00e0 un voyage int\u00e9rieur pour vous reconnecter \u00e0 vos aspirations, vos d\u00e9sirs, votre potentiel. &nbsp;<\/span><\/h3>\n<h3 style=\"text-align: justify;\"><span style=\"color: #ffffff;\">Gr\u00e2ce \u00e0 un cheminement progressif et complet, nous vous accompagnons pour identifier vos principales peurs et les d\u00e9passer.<\/span><\/h3>\n<ul class=\"sow-slider-images\" data-settings=\"{&quot;pagination&quot;:true,&quot;speed&quot;:800,&quot;timeout&quot;:8000,&quot;swipe&quot;:true}\">\n<li class=\"sow-slider-image  sow-slider-image-cover\" style=\"background-color: #333333\">\n<h4 style=\"text-align: left\">Carole Amores<\/h4>\n<hr>\n<h5 style=\"text-align: left\">Praticienne certifi\u00e9e en Psychoth\u00e9rapie<br \/> Sophrologue certifi\u00e9e<br \/> Praticienne certifi\u00e9e en Reiki<br \/> Praticienne certifi\u00e9e en EFT<\/h5>\n<\/li>\n<\/ul>\n<ol class=\"sow-slider-pagination\">\n<li><a href=\"#\" data-goto=\"0\">1<\/a><\/li>\n<\/ol>\n<p><a href=\"#\" data-goto=\"next\" data-action=\"next\"><br \/>\n<em class=\"sow-sld-icon-thin-right\"><\/em><br \/>\n<\/a><br \/>\n<a href=\"#\" data-goto=\"previous\" data-action=\"prev\"><br \/>\n<em class=\"sow-sld-icon-thin-left\"><\/em><br \/>\n<\/a><\/p>\n<ul class=\"sow-slider-images\" data-settings=\"{&quot;pagination&quot;:true,&quot;speed&quot;:800,&quot;timeout&quot;:8000,&quot;swipe&quot;:true}\">\n<li class=\"sow-slider-image  sow-slider-image-cover\" style=\"background-color: #333333\">\n<h4 style=\"text-align: left\">Laurent Collombel<\/h4>\n<hr>\n<h5 style=\"text-align: left\">Praticien certifi\u00e9 en Psychoth\u00e9rapie<\/h5>\n<h5 style=\"text-align: left\">Coach certifi\u00e9<\/h5>\n<h5>Praticien certifi\u00e9 en Reiki<\/h5>\n<h5>Praticien en bio\u00e9nergie<\/h5>\n<\/li>\n<\/ul>\n<ol class=\"sow-slider-pagination\">\n<li><a href=\"#\" data-goto=\"0\">1<\/a><\/li>\n<\/ol>\n<p><a href=\"#\" data-goto=\"next\" data-action=\"next\"><br \/>\n<em class=\"sow-sld-icon-thin-right\"><\/em><br \/>\n<\/a><br \/>\n<a href=\"#\" data-goto=\"previous\" data-action=\"prev\"><br \/>\n<em class=\"sow-sld-icon-thin-left\"><\/em><br \/>\n<\/a><\/p>\n<ul class=\"sow-slider-images\" data-settings=\"{&quot;pagination&quot;:true,&quot;speed&quot;:800,&quot;timeout&quot;:8000,&quot;swipe&quot;:true}\">\n<li class=\"sow-slider-image\" style=\"\">\n<h1 style=\"text-align: center\">Modalit\u00e9s<\/h1>\n<h4 style=\"text-align: center\">&nbsp;Samedi 14 janvier 2017 de 11h30 \u00e0 19h30<br \/> Dimanche 15 janvier 2017 de 10h00 \u00e0 18h30<\/h4>\n<hr>\n<h4 style=\"text-align: center\">Tarif :<br \/>200 \u20ac <br \/>360 \u20ac si vous venez \u00e0 deux<\/h4>\n<h3 style=\"text-align: center\">&nbsp;<\/h3>\n<\/li>\n<\/ul>\n<ol class=\"sow-slider-pagination\">\n<li><a href=\"#\" data-goto=\"0\">1<\/a><\/li>\n<\/ol>\n<p><a href=\"#\" data-goto=\"next\" data-action=\"next\"><br \/>\n<em class=\"sow-sld-icon-thin-right\"><\/em><br \/>\n<\/a><br \/>\n<a href=\"#\" data-goto=\"previous\" data-action=\"prev\"><br \/>\n<em class=\"sow-sld-icon-thin-left\"><\/em><br \/>\n<\/a><\/p>\n<h1 class=\"sow-headline\">5 rue Vantrasson Bordeaux, salle Ysananda <\/h1>\n<ul class=\"sow-slider-images\" data-settings=\"{&quot;pagination&quot;:true,&quot;speed&quot;:800,&quot;timeout&quot;:8000,&quot;swipe&quot;:true}\"><\/ul>\n<ol class=\"sow-slider-pagination\">\n<\/ol>\n<p><a href=\"#\" data-goto=\"next\" data-action=\"next\"><br \/>\n<em class=\"sow-sld-icon-thin-right\"><\/em><br \/>\n<\/a><br \/>\n<a href=\"#\" data-goto=\"previous\" data-action=\"prev\"><br \/>\n<em class=\"sow-sld-icon-thin-left\"><\/em><br \/>\n<\/a><\/p>\n","protected":false},"excerpt":{"rendered":"<p>Sophrologie, Visualisation, Lib\u00e9ration ! Pour vous guider nous utiliserons entre autres, la sophrologie, la visualisation, la lib\u00e9ration \u00e9motionnelle et \u00e9nerg\u00e9tique ainsi que la m\u00e9ditation guid\u00e9e. A l\u2019issue de ces deux jours, vous repartirez confiants pour oser vivre la vie qui vous ressemble.&nbsp; &nbsp; 1 Le stage Au cours de ce stage, nous vous proposons d\u2019oser [&hellip;]<\/p>\n","protected":false},"author":1,"featured_media":0,"parent":0,"menu_order":0,"comment_status":"closed","ping_status":"closed","template":"","meta":{"_et_pb_use_builder":"","_et_pb_old_content":"","_et_gb_content_width":"","jetpack_post_was_ever_published":false,"footnotes":""},"class_list":["post-1154","page","type-page","status-publish","hentry"],"jetpack_sharing_enabled":true,"jetpack_shortlink":"https:\/\/wp.me\/P7064H-iC","jetpack-related-posts":[{"id":964,"url":"https:\/\/caroleamores.com\/index.php\/conference-et-atelier\/","url_meta":{"origin":1154,"position":0},"title":"Ateliers &#038; Stages","date":"30 novembre 2015","format":false,"excerpt":" \u00a0Osez vivre la f\u00e9minit\u00e9 et la masculinit\u00e9 qui vous ressemble ! Au cours de ce stage, nous vous proposons d'oser! Oser \u00eatre pleinement l'homme et la femme que vous d\u00e9sirez. Comment vivez-vous votre f\u00e9minit\u00e9? Votre masculinit\u00e9?\u00a0L'expression de votre couple int\u00e9rieur? Comment ces parties\u2026","rel":"","context":"Article similaire","img":{"alt_text":"","src":"https:\/\/i0.wp.com\/caroleamores.com\/wp-content\/uploads\/2015\/11\/horizontal1000-groupe1.jpg?fit=1000%2C416&ssl=1&resize=350%2C200","width":350,"height":200},"classes":[]},{"id":972,"url":"https:\/\/caroleamores.com\/index.php\/mes-techniques\/","url_meta":{"origin":1154,"position":1},"title":"Mes pratiques","date":"30 novembre 2015","format":false,"excerpt":"[wpanchor id=\"La psychoth\u00e9rapie\"]La psychoth\u00e9rapie L\u2019accompagnement \u00e0 vis\u00e9e th\u00e9rapeutique (ou psychoth\u00e9rapie) est un processus d\u2019accompagnement de la personne\u00a0dans la r\u00e9solution de ses difficult\u00e9s et de ses souffrances \u00e0 travers la\u00a0connaissance d\u2019elle-m\u00eame. Mon approche est\u00a0holistique et int\u00e9grative, c\u2019est \u00e0 dire que je m\u2019int\u00e9resse\u00a0aux\u00a0diff\u00e9rentes dimensions de la personne: psychologique-\u00e9motionnelle-physique-spirituelle. Elle\u00a0est \u00e9galement humaniste\u00a0c\u2019est \u00e0\u2026","rel":"","context":"Article similaire","img":{"alt_text":"CIEL-CARRE-CLAIR","src":"https:\/\/i0.wp.com\/caroleamores.com\/wp-content\/uploads\/2015\/11\/CIEL-CARRE-CLAIR2.jpg?resize=350%2C200","width":350,"height":200},"classes":[]},{"id":969,"url":"https:\/\/caroleamores.com\/index.php\/maternite-enfant\/","url_meta":{"origin":1154,"position":2},"title":"Maternit\u00e9 &#038; Enfant","date":"30 novembre 2015","format":false,"excerpt":"Les femmes enceintes J\u2019ai choisi d\u2019accompagner tout particuli\u00e8rement les femmes enceintes parce que je sais combien ce moment est important et pr\u00e9cieux pour la femme, son compagnon et surtout pour le b\u00e9b\u00e9. Avec la sophrologie, j\u2019accompagne les femmes \u00e0 la fois dans leurs dimensions physiques et psychologiques. Gr\u00e2ce \u00e0 des\u2026","rel":"","context":"Article similaire","img":{"alt_text":"femme-enceinte-carree-","src":"https:\/\/i0.wp.com\/caroleamores.com\/wp-content\/uploads\/2015\/11\/femme-enceinte-carree-2.jpg?resize=350%2C200","width":350,"height":200},"classes":[]},{"id":983,"url":"https:\/\/caroleamores.com\/index.php\/qui-suis-je\/","url_meta":{"origin":1154,"position":3},"title":"Qui suis-je ?","date":"30 novembre 2015","format":false,"excerpt":"Qui suis-je ? Je suis une femme, th\u00e9rapeute, maman, \u00e9pouse, qui, sur mon chemin de vie, m\u2019interroge, exp\u00e9rimente, \u00e9volue et me rapproche, de plus en plus de la vie qui me ressemble.. Mais cela n\u2019a pas toujours \u00e9t\u00e9 le cas. Bien que d'apparence heureuse, j\u2019ai connu la s\u00e9paration, le sentiment\u2026","rel":"","context":"Article similaire","img":{"alt_text":"cropped-Carole-jardin2.jpg","src":"https:\/\/i0.wp.com\/caroleamores.com\/wp-content\/uploads\/2015\/11\/cropped-Carole-jardin2.jpg?resize=350%2C200","width":350,"height":200},"classes":[]},{"id":35922,"url":"https:\/\/caroleamores.com\/index.php\/qui-est-carole-amores\/","url_meta":{"origin":1154,"position":4},"title":"Qui est Carole Amores","date":"29 novembre 2018","format":false,"excerpt":"[et_pb_text content_tablet=\"Qui suis-je ? Je suis une femme, th\u00e9rapeute, maman, \u00e9pouse, qui, sur mon chemin de vie, s\u2019interroge, exp\u00e9rimente, et \u00e9volue. J\u2019ai choisi en 2010 d\u2019aller vers ce qui m\u2019animait vraiment: l\u2019accompagnement des autres. Et\u2026","rel":"","context":"Article similaire","img":{"alt_text":"","src":"","width":0,"height":0},"classes":[]},{"id":35404,"url":"https:\/\/caroleamores.com\/index.php\/seances-individuelles\/","url_meta":{"origin":1154,"position":5},"title":"S\u00e9ances individuelles","date":"26 ao\u00fbt 2018","format":false,"excerpt":"","rel":"","context":"Article similaire","img":{"alt_text":"","src":"","width":0,"height":0},"classes":[]}],"_links":{"self":[{"href":"https:\/\/caroleamores.com\/index.php\/wp-json\/wp\/v2\/pages\/1154","targetHints":{"allow":["GET"]}}],"collection":[{"href":"https:\/\/caroleamores.com\/index.php\/wp-json\/wp\/v2\/pages"}],"about":[{"href":"https:\/\/caroleamores.com\/index.php\/wp-json\/wp\/v2\/types\/page"}],"author":[{"embeddable":true,"href":"https:\/\/caroleamores.com\/index.php\/wp-json\/wp\/v2\/users\/1"}],"replies":[{"embeddable":true,"href":"https:\/\/caroleamores.com\/index.php\/wp-json\/wp\/v2\/comments?post=1154"}],"version-history":[{"count":14,"href":"https:\/\/caroleamores.com\/index.php\/wp-json\/wp\/v2\/pages\/1154\/revisions"}],"predecessor-version":[{"id":1175,"href":"https:\/\/caroleamores.com\/index.php\/wp-json\/wp\/v2\/pages\/1154\/revisions\/1175"}],"wp:attachment":[{"href":"https:\/\/caroleamores.com\/index.php\/wp-json\/wp\/v2\/media?parent=1154"}],"curies":[{"name":"wp","href":"https:\/\/api.w.org\/{rel}","templated":true}]}}